{"id":2513,"date":"2023-11-16T15:53:06","date_gmt":"2023-11-16T19:53:06","guid":{"rendered":"https:\/\/web.conpacoop.coop.py\/?page_id=2513"},"modified":"2023-11-16T16:11:53","modified_gmt":"2023-11-16T20:11:53","slug":"informe-de-genero","status":"publish","type":"page","link":"https:\/\/web.conpacoop.coop.py\/?page_id=2513","title":{"rendered":"INFORME DE GENERO"},"content":{"rendered":"\t\t<div data-elementor-type=\"wp-page\" data-elementor-id=\"2513\" class=\"elementor elementor-2513\">\n\t\t\t\t\t\t<div class=\"elementor-inner\">\n\t\t\t\t<div class=\"elementor-section-wrap\">\n\t\t\t\t\t\t\t\t\t<section class=\"elementor-section elementor-top-section elementor-element elementor-element-0fc47a5 elementor-section-boxed elementor-section-height-default elementor-section-height-default\" data-id=\"0fc47a5\" data-element_type=\"section\">\n\t\t\t\t\t\t<div class=\"elementor-container elementor-column-gap-default\">\n\t\t\t\t\t\t\t<div class=\"elementor-row\">\n\t\t\t\t\t<div class=\"elementor-column elementor-col-100 elementor-top-column elementor-element elementor-element-be09977\" data-id=\"be09977\" data-element_type=\"column\">\n\t\t\t<div class=\"elementor-column-wrap elementor-element-populated\">\n\t\t\t\t\t\t\t<div class=\"elementor-widget-wrap\">\n\t\t\t\t\t\t<div class=\"elementor-element elementor-element-df5cdb8 elementor-widget elementor-widget-image\" data-id=\"df5cdb8\" data-element_type=\"widget\" data-widget_type=\"image.default\">\n\t\t\t\t<div class=\"elementor-widget-container\">\n\t\t\t\t\t\t\t\t<div class=\"elementor-image\">\n\t\t\t\t\t\t\t\t\t\t\t\t<img decoding=\"async\" width=\"800\" height=\"500\" src=\"https:\/\/web.conpacoop.coop.py\/wp-content\/uploads\/2023\/11\/foto-para-informe-de-genero-1-1024x640.png\" class=\"attachment-large size-large wp-image-2515\" alt=\"\" srcset=\"https:\/\/web.conpacoop.coop.py\/wp-content\/uploads\/2023\/11\/foto-para-informe-de-genero-1-1024x640.png 1024w, https:\/\/web.conpacoop.coop.py\/wp-content\/uploads\/2023\/11\/foto-para-informe-de-genero-1-300x188.png 300w, https:\/\/web.conpacoop.coop.py\/wp-content\/uploads\/2023\/11\/foto-para-informe-de-genero-1-768x480.png 768w, https:\/\/web.conpacoop.coop.py\/wp-content\/uploads\/2023\/11\/foto-para-informe-de-genero-1-1536x960.png 1536w, https:\/\/web.conpacoop.coop.py\/wp-content\/uploads\/2023\/11\/foto-para-informe-de-genero-1.png 1920w\" sizes=\"(max-width: 800px) 100vw, 800px\" \/>\t\t\t\t\t\t\t\t\t\t\t\t\t\t<\/div>\n\t\t\t\t\t\t<\/div>\n\t\t\t\t<\/div>\n\t\t\t\t\t\t<\/div>\n\t\t\t\t\t<\/div>\n\t\t<\/div>\n\t\t\t\t\t\t\t\t<\/div>\n\t\t\t\t\t<\/div>\n\t\t<\/section>\n\t\t\t\t<section class=\"elementor-section elementor-top-section elementor-element elementor-element-5c8a8e4 elementor-section-boxed elementor-section-height-default elementor-section-height-default\" data-id=\"5c8a8e4\" data-element_type=\"section\">\n\t\t\t\t\t\t<div class=\"elementor-container elementor-column-gap-default\">\n\t\t\t\t\t\t\t<div class=\"elementor-row\">\n\t\t\t\t\t<div class=\"elementor-column elementor-col-100 elementor-top-column elementor-element elementor-element-7294315\" data-id=\"7294315\" data-element_type=\"column\">\n\t\t\t<div class=\"elementor-column-wrap elementor-element-populated\">\n\t\t\t\t\t\t\t<div class=\"elementor-widget-wrap\">\n\t\t\t\t\t\t<div class=\"elementor-element elementor-element-8e6d2cc elementor-widget elementor-widget-html\" data-id=\"8e6d2cc\" data-element_type=\"widget\" data-widget_type=\"html.default\">\n\t\t\t\t<div class=\"elementor-widget-container\">\n\t\t\t<div class=\"dflip-books\"><div class=\"_df_thumb \" id=\"df_2526\"  _slug=\"folder-genero-conpacoop\" data-title=\"folder-genero-conpacoop\" wpoptions=\"true\" thumb=\"http:\/\/web.conpacoop.coop.py\/wp-content\/uploads\/2023\/11\/Captura-de-pantalla-2023-11-16-165557.png\" thumbtype=\"\" >Folder G\u00e9nero Conpacoop<\/div><script class=\"df-shortcode-script\" nowprocket type=\"application\/javascript\">window.option_df_2526 = {\"outline\":[],\"autoEnableOutline\":\"false\",\"autoEnableThumbnail\":\"false\",\"overwritePDFOutline\":\"false\",\"direction\":\"1\",\"pageSize\":\"0\",\"source\":\"http:\\\/\\\/web.conpacoop.coop.py\\\/wp-content\\\/uploads\\\/2023\\\/11\\\/Folder-Genero-Conpacoop-5.pdf\",\"wpOptions\":\"true\"}; if(window.DFLIP && window.DFLIP.parseBooks){window.DFLIP.parseBooks();}<\/script><div class=\"_df_thumb \" id=\"df_2521\"  _slug=\"analisis-de-genero-completo_-ano-2017-2\" data-title=\"analisis-de-genero-completo_-ano-2017\" wpoptions=\"true\" thumb=\"http:\/\/web.conpacoop.coop.py\/wp-content\/uploads\/2023\/11\/Captura-de-pantalla-2023-11-16-165622.png\" thumbtype=\"\" >An\u00e1lisis de G\u00e9nero COMPLETO_ A\u00f1o 2017<\/div><script class=\"df-shortcode-script\" nowprocket type=\"application\/javascript\">window.option_df_2521 = {\"outline\":[],\"autoEnableOutline\":\"false\",\"autoEnableThumbnail\":\"false\",\"overwritePDFOutline\":\"false\",\"direction\":\"1\",\"pageSize\":\"0\",\"source\":\"http:\\\/\\\/web.conpacoop.coop.py\\\/wp-content\\\/uploads\\\/2023\\\/11\\\/Texto-mujeres-y-varones-CONPACOOP-2015-2017.pdf\",\"wpOptions\":\"true\"}; if(window.DFLIP && window.DFLIP.parseBooks){window.DFLIP.parseBooks();}<\/script><div class=\"_df_thumb \" id=\"df_2517\"  _slug=\"analisis-de-genero-completo_-ano-2017\" data-title=\"analisis-de-genero-completo_-ano-2017\" wpoptions=\"true\" thumb=\"http:\/\/web.conpacoop.coop.py\/wp-content\/uploads\/2023\/11\/Captura-de-pantalla-2023-11-16-165525.png\" thumbtype=\"\" >An\u00e1lisis de G\u00e9nero COMPLETO_ A\u00f1o 2017<\/div><script class=\"df-shortcode-script\" nowprocket type=\"application\/javascript\">window.option_df_2517 = {\"outline\":[],\"autoEnableOutline\":\"false\",\"autoEnableThumbnail\":\"false\",\"overwritePDFOutline\":\"false\",\"direction\":\"1\",\"pageSize\":\"0\",\"source\":\"http:\\\/\\\/web.conpacoop.coop.py\\\/wp-content\\\/uploads\\\/2023\\\/11\\\/Analisis-de-Genero-COMPLETO_-Ano-2017.pdf\",\"wpOptions\":\"true\"}; if(window.DFLIP && window.DFLIP.parseBooks){window.DFLIP.parseBooks();}<\/script><\/div>\t\t<\/div>\n\t\t\t\t<\/div>\n\t\t\t\t\t\t<\/div>\n\t\t\t\t\t<\/div>\n\t\t<\/div>\n\t\t\t\t\t\t\t\t<\/div>\n\t\t\t\t\t<\/div>\n\t\t<\/section>\n\t\t\t\t\t\t\t\t\t<\/div>\n\t\t\t<\/div>\n\t\t\t\t\t<\/div>\n\t\t","protected":false},"excerpt":{"rendered":"","protected":false},"author":1,"featured_media":0,"parent":0,"menu_order":0,"comment_status":"closed","ping_status":"closed","template":"","meta":{"content-type":"","footnotes":""},"class_list":["post-2513","page","type-page","status-publish","hentry"],"_links":{"self":[{"href":"https:\/\/web.conpacoop.coop.py\/index.php?rest_route=\/wp\/v2\/pages\/2513","targetHints":{"allow":["GET"]}}],"collection":[{"href":"https:\/\/web.conpacoop.coop.py\/index.php?rest_route=\/wp\/v2\/pages"}],"about":[{"href":"https:\/\/web.conpacoop.coop.py\/index.php?rest_route=\/wp\/v2\/types\/page"}],"author":[{"embeddable":true,"href":"https:\/\/web.conpacoop.coop.py\/index.php?rest_route=\/wp\/v2\/users\/1"}],"replies":[{"embeddable":true,"href":"https:\/\/web.conpacoop.coop.py\/index.php?rest_route=%2Fwp%2Fv2%2Fcomments&post=2513"}],"version-history":[{"count":5,"href":"https:\/\/web.conpacoop.coop.py\/index.php?rest_route=\/wp\/v2\/pages\/2513\/revisions"}],"predecessor-version":[{"id":2533,"href":"https:\/\/web.conpacoop.coop.py\/index.php?rest_route=\/wp\/v2\/pages\/2513\/revisions\/2533"}],"wp:attachment":[{"href":"https:\/\/web.conpacoop.coop.py\/index.php?rest_route=%2Fwp%2Fv2%2Fmedia&parent=2513"}],"curies":[{"name":"wp","href":"https:\/\/api.w.org\/{rel}","templated":true}]}}